et k be z/(-8) + (-71)/t. What is the greatest common divisor of k and 136?
17
Let b = 416 + -400. Let s = 274 - 130. Calculate the highest common divisor of b and s.
16
Suppose -7*t = -5*b - 2*t + 545, 0 = -b - 4*t + 84. Let i = 13 - 0. Calculate the highest common divisor of b and i.
13
Let a(d) = d**3 - 8*d**2 - 8*d - 1. Let i be a(9). What is the greatest common factor of i and 8?
8
Let y be (-9 - -8)/((-2)/(-4)). Let o be (y - (2 - 15))/1. Calculate the highest common divisor of o and 110.
11
Suppose 28 = -3*d + 100. What is the greatest common divisor of 12 and d?
12
Let d = -4 + 6. Suppose t + d = 2*t. Let r be t*-1*(-4 - 1). What is the greatest common divisor of 10 and r?
10
Let k = -107 - -108. Suppose 3*d = 5*d - 16. What is the greatest common divisor of k and d?
1
Suppose -5*d = h + 251, 0 = -0*d - 2*d + 2*h - 98. Let r be (-5)/(d/4)*15. What is the greatest common divisor of 24 and r?
6
Suppose 0 = 4*c - 37 + 13. What is the highest common factor of 18 and c?
6
Let k = 32 - -31. Let b = -5 - -14. What is the highest common divisor of b and k?
9
Suppose -4*u - 30 = -2*a, -2*u + 0*u + 15 = 5*a. Suppose -j + a = -1. Calculate the greatest common factor of j and 18.
6
Let h = 747 + -374. Suppose -2*g + 4*x = -14 - 160, -2*g - 2*x = -180. Suppose g = 3*s - h. What is the highest common factor of 14 and s?
14
Suppose 4*t - 5 = -5*y + 2, 0 = t + 2. Suppose 0 = -2*k + 27 - y. What is the highest common divisor of k and 4?
4
Let d = -8 - 4. Let y = 16 + d. What is the greatest common divisor of 4 and y?
4
Let x(c) = c**2 - 2*c - 4. Let b be x(-3). Calculate the highest common factor of b and 88.
11
Let g(t) = t**2 + 5*t. Let i be g(2). Calculate the greatest common divisor of i and 56.
14
Suppose 2*t - 4 = -0. Let h be 76/2 + -1*t. Let a = -20 + 29. What is the greatest common factor of h and a?
9
Suppose 0*g + 18 = 3*g + 4*l, 4*g + 4 = 4*l. Let o be 7 + 4/(g + 0). Suppose -o - 9 = -i. Calculate the greatest common factor of 12 and i.
6
Let b be 2 - (4/(-1))/(-4). Calculate the greatest common divisor of 9 and b.
1
Suppose 0 = -2*d + 31 + 49. Calculate the greatest common factor of 60 and d.
20
Suppose 2*z + 4 = 5*n, -n + 15 = 2*z - 5. What is the highest common divisor of 64 and z?
8
Suppose 2*v = -2*j - 2*v + 38, -4*j + 79 = 5*v. Calculate the greatest common divisor of j and 14.
7
Suppose 0 = 4*f - 8 - 8. Let t(y) = -2*y - 13. Let g be t(-9). Suppose -g*b + 56 + 44 = 0. What is the greatest common divisor of b and f?
4
Suppose -16*m + 75 = -m. Calculate the greatest common divisor of m and 20.
5
Let t(f) = 2*f**3 - 3*f**2. Let q(o) = o**2 - 6*o - 9. Let j be q(7). Let k be j/((0 + -1)*1). Let i be t(k). What is the greatest common factor of i and 4?
4
Let d be (0 + 17/4)/((-1)/(-8)). Calculate the highest common factor of 34 and d.
34
Let c(m) = m**3 - 9*m**2 + 4. Let v be c(9). Suppose 4*h = -v*g + 40 + 36, 3*h - 4*g = 29. Calculate the highest common factor of 105 and h.
15
Let t be -1 - ((-4 - -3) + 0). Suppose -4*b + 28 + 24 = t. What is the highest common divisor of 143 and b?
13
Suppose 2*p + 53 = -0*n + n, 0 = -3*n - 3*p + 141. Let v = n + -15. What is the greatest common factor of v and 85?
17
Let u = 40 - 19. Suppose 0 = n - 5*n - 5*l + 2, 4*n - 4*l = 20. Calculate the highest common factor of u and n.
3
Let z = -119 + 179. What is the greatest common divisor of 20 and z?
20
Let n = 28 - 13. Let b(t) = -16*t + 7. Let d be b(-8). What is the greatest common factor of n and d?
15
Suppose -2*z + h + 10 = 0, 0 = z - h - 3*h - 5. Suppose 21 = b - k, -z*b + 3*k = -0*k - 111. Let s = -12 - -28. Calculate the greatest common factor of s and b.
8
Suppose 5*s - 1056 = 69. Calculate the greatest common factor of s and 25.
25
Let i = 59 + 67. Let r be (-656)/(-36) + (-4)/18. Calculate the greatest common divisor of r and i.
18
Suppose -3*d + 9 = -3*p, 2*p + 9 = 4*p + 3*d. Suppose p = -3*n + 6*n - 48. Calculate the highest common factor of n and 32.
16
Let z be -4*(-3)/(-6) - -17. Calculate the greatest common divisor of z and 75.
15
Suppose -3*a + 3*s + 13 = 4*s, a + 2*s = 6. What is the highest common divisor of 44 and a?
4
Let o(j) = -j**2 + 3*j + 8. Let k be o(4). What is the highest common divisor of 6 and k?
2
Suppose 9*p = 7*p. Suppose p = -3*w + 6*w - 48. Suppose 3*h + h - w = 0. What is the greatest common factor of 10 and h?
2
Let h = 43 + -34. Calculate the highest common factor of h and 90.
9
Suppose -m + 0 = -1, -2*a - 3*m = -111. Suppose 0*j + a = 3*j. What is the highest common divisor of j and 198?
18
Let a be (-2)/(-4)*-2 + 0. Let m(i) = -3*i - 1. Let r be m(a). Suppose 24 = -0*q + r*q. What is the highest common divisor of 3 and q?
3
Suppose 3*q = y + 1093, 3*y = -3*q + 2*y + 1085. What is the highest common divisor of q and 33?
33
Let f be (0 - -11)*(4 - -3). Let u be 3/(-2) + 170/20. What is the highest common divisor of u and f?
7
Suppose 2*z = 9 + 3. Calculate the greatest common factor of z and 48.
6
Suppose 5*d - 12 - 28 = 5*k, -k = -2. Calculate the highest common factor of d and 2.
2
Let g(f) = f**2 - 8*f - 18. Let t be g(11). Calculate the highest common factor of t and 45.
15
Let u(f) = 8*f - 9. Let c be u(4). Let p be (-138)/(-2) - 0/(-2). Calculate the greatest common factor of c and p.
23
Let t = -4 - -7. Suppose -2*j = -3*r + 188, -2*r + 2*j = t*r - 308. Suppose 2*g - p - 53 = 4*p, -5*p + 43 = 2*g. What is the highest common divisor of r and g?
12
Let f be 12/9*6/4. Let w(s) = 2*s**2 + s + 5. Let x be w(0). Calculate the greatest common factor of f and x.
1
Let j be (2/(-4))/(-1)*10. Suppose -16 - 24 = -j*u. Calculate the greatest common divisor of u and 32.
8
Suppose 3*h = 8*h + 5. Let u = h + 28. What is the greatest common divisor of u and 216?
27
Let v = -175 - -259. What is the highest common factor of 4 and v?
4
Suppose -4*c - c = -1100. What is the greatest common divisor of 20 and c?
20
Let f be 18/(-20)*2*-5. Let c = 2 + f. Suppose -z - c + 41 = 0. Calculate the greatest common factor of 20 and z.
10
Let b be (-2 + -13)*(-3)/9. Suppose 4*n = 2*h + 16, b*h = 5*n - 7 - 8. Let p be (26/h - 2) + 1. Calculate the highest common factor of 12 and p.
12
Suppose -4*c = -c - 3*p, p = -4*c + 20. Suppose 2*f = c*f - 126. Calculate the highest common factor of f and 7.
7
Suppose -4*g = -3*p - 44, 3 = g + 3*p - 8. Calculate the greatest common factor of g and 11.
11
Let c be ((-8)/(-5))/((-2)/(-5)). Suppose -y + 240 = 2*y - 3*j, 320 = 4*y + c*j. Calculate the greatest common factor of 16 and y.
16
Suppose 5*k - 175 = 45. Let j = 14 + -3. Calculate the highest common factor of k and j.
11
Suppose 3*c - 3*f - 112 = c, 2*c = 5*f + 120. Suppose 4*o + 2*q = 66, 4*q + c = 5*o - 0*q. What is the highest common divisor of 56 and o?
14
Let j(v) = -2*v**2 + 1. Let y be j(-1). Let i be (2 + 0)*y + 8. Let r be (-14)/(-10) - (-6)/10. Calculate the highest common divisor of r and i.
2
Suppose -124*k = -123*k - 64. Calculate the highest common divisor of 8 and k.
8
Let p be (4/1 - 0) + -2. Suppose -3*g + p*g = -1. Let c be 2 + 62*g + 1. Calculate the highest common factor of c and 26.
13
Let y be 352 + (-6)/(9/(-3)). Suppose -s + 2*b = -174, -2*s + 2*b + y = -0*b. Suppose 0 = -4*c + 6*c - s. What is the greatest common factor of c and 10?
10
Let d = 14 + 60. Suppose -3*y = -d + 8. What is the greatest common factor of y and 2?
2
Suppose 2*a - 50 = -3*a. What is the highest common divisor of a and 4?
2
Suppose 2*r - 305 = -3*f, 2*r + 4 = 3*r. What is the greatest common divisor of f and 9?
9
Let f = -82 + 160. Let g be 868/18 + 4/(-18). Let q = f - g. What is the greatest common factor of q and 10?
10
Let r(s) = 2*s**2 + 5*s - 18. Let j be r(6). What is the highest common divisor of 112 and j?
28
Let p be ((-4)/(-2))/(8/32). Calculate the highest common factor of 8 and p.
8
Let a(g) = 4*g + 1. Let y be a(2). What is the highest common divisor of 63 and y?
9
Suppose -249 + 81 = -3*c. Let l(n) = n**2 + 5*n + 8. Let g be l(-6). Calculate the greatest common divisor of c and g.
14
Suppose -2*l + 6 = -10. Let j = l - -13. Calculate the greatest common factor of j and 168.
21
Let u = 33 - 27. Suppose 0 = u*y - 3*y - 165. Suppose -3*v + 23 = -3*k - 28, -v - 5*k = -47. What is the greatest common divisor of y and v?
11
Suppose 2*d 